ors of w(1).
2, 5
Let w = -4 - -11. Let b = 8 + w. List the prime factors of b.
3, 5
Suppose 318 = 28*b - 25*b. List the prime factors of b.
2, 53
Let k = 275 - 135. List the prime factors of (-8)/(-12) + k/6.
2, 3
What are the prime factors of -8*((-99)/12 + 0)?
2, 3, 11
Let m be -10 - (-6)/(4 - 2). List the prime factors of (-2)/m + (-300)/(-28).
11
Suppose -r = 4*r - 35. Suppose -3*o - 6 + 1 = -s, -2*s + 2*o = -10. Let a = s + r. List the prime factors of a.
2, 3
Suppose 3*k - 5 = 1. Suppose 0*t + 84 = k*t. Suppose -t = -0*m - 3*m. What are the prime factors of m?
2, 7
Let z be (-100)/(-36) - (-2)/9. Suppose 2*q = -2*b + 6, q = -z*b - 2 + 9. What are the prime factors of b?
2
Let o = -30 - -12. List the prime factors of o/15*10/(-4).
3
Let h be -3 + (10*3 - -3). Suppose 2*d + h = 4*d. List the prime factors of d.
3, 5
Suppose -3*y = -3*f + 9 + 6, y - 2*f = -8. What are the prime factors of 46*y/(2/(-1))?
2, 23
Suppose 0 = -2*r + 1 + 11. Let v(z) = 4*z - 4. List the prime factors of v(r).
2, 5
Let i(y) = 8*y - 14. What are the prime factors of i(5)?
2, 13
Let a(p) = 27*p**2 - 4*p - 9. List the prime factors of a(-2).
107
Suppose 46 = 5*l - 5*d - 89, 5 = 5*d. Suppose 2*z - 28 = 5*b, -5*z = -z - 5*b - 36. Suppose -2*y = -2*a - l, y - 6 = z*a + a. List the prime factors of y.
2
Suppose 0 = -0*h - h + 4. Suppose -h*o + 154 = -42. What are the prime factors of o?
7
Suppose i + i - 18 = -m, 3*i - 4*m - 49 = 0. Let x = i - 7. Suppose 0 = x*g + 16 - 60. What are the prime factors of g?
11
Let c = -32 - -46. What are the prime factors of c?
2, 7
List the prime factors of 157 - (-50)/20*8/10.
3, 53
Let w(i) = i**2 + 7*i + 12. Let t be w(-5). Suppose 0 = -2*f + t + 2. List the prime factors of f.
2
Suppose 0 - 84 = -2*y. Suppose 2*k - y = -5*w, k = w - 3 - 4. What are the prime factors of w?
2
Let d(c) = -3*c**2 - 21*c + 3. Let y = 4 - 0. Let r(b) = b**2 + 7*b - 1. Let j(h) = y*d(h) + 11*r(h). List the prime factors of j(-6).
7
Let v(s) = -3*s**2 - 3*s. Let p be v(-2). Let g be 5/(p/(-4) + -1). Suppose x - 1 = g. What are the prime factors of x?
11
Suppose 0*n + 5*n = -75. Let x = -11 - n. Suppose x*g + 28 = 4*d, -23 = -3*d - 0*g + g. What are the prime factors of d?
2
Let v(n) = 10*n**2 + 2*n + 1. Suppose -1 + 3 = -2*f. What are the prime factors of v(f)?
3
List the prime factors of (-126)/49*(-56)/6.
2, 3
Suppose 16 = 5*d - 2*d + n, -5*d + 5*n = -20. What are the prime factors of d?
5
Let p(j) = -10*j + 4. List the prime factors of p(-4).
2, 11
Suppose 12*c - 491 = -23. What are the prime factors of c?
3, 13
Let q(x) = x**3 + 8*x**2 + x - 9. List the prime factors of q(-7).
3, 11
Suppose 4*s - 8 = 4. Let i = -3 + s. Suppose 3*b - 12 = i, -w - 3*b - 2 = -3*w. List the prime factors of w.
7
Let n = 6 - 6. Suppose -3*o + 5*u + 1 - 8 = n, 2*u - 10 = 0. What are the prime factors of o?
2, 3
Suppose u - 7 = 2*m, 3*u - 6*m - 23 = -m. Let k = -2 + u. List the prime factors of k.
3
Let d be (5 + -4)*(5 + -1). Suppose -20 = -d*o + 24. What are the prime factors of o?
11
Suppose -4*c - 52 = 4*r - 0*r, c - 37 = 4*r. List the prime factors of (r*2)/(2 - 4).
2, 5
Let l(w) = -1. Let m(y) = -2*y + 5. Let b(k) = -15*l(k) - 3*m(k). What are the prime factors of b(3)?
2, 3
Let x(g) = g - 6. Let m be x(11). Suppose -57 = -4*w - m*k, -6*w + 4*w + 45 = -3*k. What are the prime factors of w?
2, 3
Let s(n) = 6*n**3 - n**2 - n + 1. Let k be s(1). Let v(y) = -k + 4*y - 3*y + 9. List the prime factors of v(3).
7
Let d(r) = r - 1. Let p be d(-1). Let g(t) = 2*t**3 + t**2 + 2*t - 1. Let j be g(p). Let a = -9 - j. List the prime factors of a.
2
Let v be 58/(-18) + (-10)/(-45). Let k = v - -13. What are the prime factors of k?
2, 5
Let c(v) = -v**3 + 7*v**2 - 5*v + 3. Suppose -25 = 4*t + t. Let b = t - -11. What are the prime factors of c(b)?
3
Let k be (24/(-10))/(6/(-30)). Suppose 44 = k*u - 8*u. What are the prime factors of u?
11
Let u(h) = h**2 - 7*h + 3. Let f be u(12). Let g = f - 42. List the prime factors of g.
3, 7
Let r = -27 + 131. What are the prime factors of r?
2, 13
Let v = 0 - 1. Let u be ((-2)/(-6))/(v/(-9)). Suppose -3*w - 35 = -4*w + 5*o, 4*w = u*o + 55. List the prime factors of w.
2, 5
Let y(h) = -3*h + 9. Let j(p) = 12*p - 37. Let q(l) = -2*j(l) - 9*y(l). What are the prime factors of q(5)?
2
Let u(j) be the first derivative of -j**3/3 - 5*j**2 - 9*j + 1. Let z be ((-35)/(-4))/5*-4. What are the prime factors of u(z)?
2, 3
Let y = 43 - 6. What are the prime factors of y?
37
Let u be (-17)/(-4) + 1/(-4). Let v = 0 + u. List the prime factors of v.
2
Suppose -4*c = 9 - 1. List the prime factors of -7 + 4 - 24/c.
3
Suppose 4*k + 4*g = g + 31, g = 5. List the prime factors of k/18 + (-820)/(-36).
23
Let m(x) = -2*x - 10. Let s be m(-7). Suppose -4*w + 20 = -s. List the prime factors of w.
2, 3
Suppose -51 = -10*p - 11. What are the prime factors of p?
2
List the prime factors of 5/(-4) + 135/12.
2, 5
Let w(z) = 7*z**2 - 8*z + 17. List the prime factors of w(-6).
317
Let b = -7 - -9. List the prime factors of 87/6 - (-1)/b.
3, 5
Let g(f) = f + 1. Let q = -3 - -7. Let s be g(q). Suppose 0 = 3*o - 12, -s*k + 12 = o - 12. List the prime factors of k.
2
Suppose -5*z + 3 = 3*k, 0*z - 2*k - 2 = 2*z. Let s = 3 - z. Suppose 3*o = 2*v + 35, -o + 10 = -s*o + v. What are the prime factors of o?
11
Suppose 2*k + 31 = 3*i, 19 = 3*i - 5*k - 27. What are the prime factors of i?
7
Suppose 5*b - 18 - 32 = 0. What are the prime factors of 4/b - 1780/(-50)?
2, 3
Suppose -7200 = -22*i + 2*i. List the prime factors of i.
2, 3, 5
Let c = -276 + 386. What are the prime factors of c?
2, 5, 11
Let o = 8 - 11. Let l(w) = -4*w - 4. What are the prime factors of l(o)?
2
Let x = -135 + 196. What are the prime factors of x?
61
Suppose x + x = -2*j + 12, 4*x + 2*j - 16 = 0. Let a be (2 + 0)/(x/5). Suppose r = -0*r + a. What are the prime factors of r?
5
Suppose -4*o = -19 - 5. List the prime factors of o.
2, 3
Let u(i) = -3*i - 14. Let z(s) = -3*s + s + 3*s. Let y(c) = u(c) + 6*z(c). List the prime factors of y(12).
2, 11
Suppose -h = 5*i - 25, i = 2*h - 4*h + 5. Suppose -i*x + c - 45 = 2*c, 50 = -5*x - 2*c. What are the prime factors of x/6*(-15)/5?
2
Let n(k) = -k**3 + 2*k - k + k. What are the prime factors of n(-2)?
2
Let o = -21 + 30. List the prime factors of o.
3
Suppose 139 = 13*i + 22. What are the prime factors of i?
3
Suppose 0 = -3*r + 12, 4*r = 4*d - 0*d + 96. Let s = d - -34. What are the prime factors of s?
2, 7
Let y(l) = 218*l**3 - 1 + 2*l - 217*l**3 - 1. Suppose -z - 6 = -4*z. What are the prime factors of y(z)?
2, 5
Let w(t) be the second derivative of 7/12*t**4 - 3*t + 0*t**2 + 5/6*t**3 + 1/20*t**5 + 0. List the prime factors of w(-6).
2, 3
Let s = 56 - 52. What are the prime factors of s?
2
Let u(t) = t**3 - 8*t**2 + 5*t - 2. Let a be u(6). Let l = a - -75. List the prime factors of l.
31
List the prime factors of (3 - (3 - 2)) + 16.
2, 3
Let c(z) = -z**3 + z**2 + 2*z + 4. Let t be c(-3). Suppose -u + 2*u - 4*o - t = 0, 5*u + o = 254. Suppose 4*p - u + 10 = 0. List the prime factors of p.
2, 5
Let j(s) = s. Let o be j(-2). Let x be o - (1 + 1 - 3). What are the prime factors of x/(-2 + (-10)/(-6))?
3
Let c(i) = 4*i - 4. Let q be c(7). Suppose 0 = -w - 0*w + v + q, 0 = 5*w + v - 132. What are the prime factors of w?
2, 13
Let v(d) = -d**3 + 13*d**2 - 6*d - 16. Let s be v(12). Suppose -3*a = 2*x - s, 3*a + 5*x = -3 + 44. List the prime factors of a.
2, 11
What are the prime factors of (12/9)/(2/3)?
2
Let l(a) = a**2 + 2*a + 5. Let b be l(-5). Let u = -7 + b. What are the prime factors of u?
13
Suppose 2*v = 3*f - 0*f - 700, 3*f + 5*v - 686 = 0. What are the prime factors of f?
2, 29
Let h(r) be the second derivative of r**4/12 - 7*r**3/6 + 2*r**2 + 2*r. Let d be h(7). Suppose d*b - 14 = -6. What are the prime factors of b?
2
Suppose -4 = i - 29. Let k = -13 + i. List the prime factors of k.
2, 3
Suppose -13*w = -18*w - 15. List the prime factors of w/(-12) + 1035/20.
2, 13
Suppose 4*k + 5*q - 12 = 51, 4*k - 4*q - 72 = 0. What are the prime factors of k?
17
Suppose 0*p - 2*p + 6 = 0. Let i = 39 - 36. Suppose p*a = a + 2*d + 26, i*a - 4*d = 43. List the prime factors of a.
3
Suppose 5*u - x - 4 = 0, 5*u - 12 = 2*x + x. Suppose u = -4*c + c + 198. Suppose -3*v = o - c, -5*